{"id":295,"date":"2022-07-25T18:39:51","date_gmt":"2022-07-25T17:39:51","guid":{"rendered":"http:\/\/tavernephoto.be\/?page_id=295"},"modified":"2022-07-26T17:24:06","modified_gmt":"2022-07-26T16:24:06","slug":"videos","status":"publish","type":"page","link":"https:\/\/tavernephoto.be\/index.php\/videos\/","title":{"rendered":"Vid\u00e9os"},"content":{"rendered":"\n<p class=\"has-large-font-size\"><strong>Cr\u00e9ation de clip vid\u00e9o en stop motion pour le rappeur Melfiano en collaboration avec Ginkgo Vid\u00e9o<\/strong><\/p>\n\n\n\n<p>Le montage vid\u00e9o et l&rsquo;animation, que ce soit pour un clip musical ou d&rsquo;entreprise, tout est envisageable. Je me tiens \u00e0 votre disposition pour tout vos projets. <\/p>\n\n\n\n<figure class=\"wp-block-embed is-type-video is-provider-youtube wp-block-embed-youtube wp-embed-aspect-16-9 wp-has-aspect-ratio\"><div class=\"wp-block-embed__wrapper\">\n<iframe loading=\"lazy\" title=\"Melfiano :   Jeune Papa  (Prod El Gaouli)\" width=\"500\" height=\"281\" src=\"https:\/\/www.youtube.com\/embed\/Dko9_1D-zno?feature=oembed\" frameborder=\"0\" allow=\"accelerometer; autoplay; clipboard-write; encrypted-media; gyroscope; picture-in-picture\" allowfullscreen><\/iframe>\n<\/div><figcaption>5\u00e8me clip extrait du deuxi\u00e8me album de Melfiano \u00ab\u00a0Les Choses Simples\u00a0\u00bb.&#x1f33a;<\/figcaption><\/figure>\n\n\n<div class=\"wp-block-image\">\n<figure class=\"aligncenter size-full is-resized\"><img decoding=\"async\" loading=\"lazy\" src=\"http:\/\/tavernephoto.be\/wp-content\/uploads\/2022\/07\/Melf-journal.jpg\" alt=\"\" class=\"wp-image-352\" width=\"481\" height=\"587\" srcset=\"https:\/\/tavernephoto.be\/wp-content\/uploads\/2022\/07\/Melf-journal.jpg 628w, https:\/\/tavernephoto.be\/wp-content\/uploads\/2022\/07\/Melf-journal-246x300.jpg 246w\" sizes=\"(max-width: 481px) 100vw, 481px\" \/><\/figure><\/div>\n\n\n<p class=\"has-large-font-size\"><strong>R\u00e9alisation d&rsquo;un teaser vid\u00e9o pour le festival d&rsquo;Obourg<\/strong><\/p>\n\n\n\n<figure class=\"wp-block-embed is-type-video is-provider-youtube wp-block-embed-youtube wp-embed-aspect-16-9 wp-has-aspect-ratio\"><div class=\"wp-block-embed__wrapper\">\n<iframe loading=\"lazy\" title=\"Festival d&#039;Obourg 8 et 9 Septembre 2017 (Mons - Hainaut)\" width=\"500\" height=\"281\" src=\"https:\/\/www.youtube.com\/embed\/HH1oVFtz4_M?feature=oembed\" frameborder=\"0\" allow=\"accelerometer; autoplay; clipboard-write; encrypted-media; gyroscope; picture-in-picture\" allowfullscreen><\/iframe>\n<\/div><\/figure>\n\n\n\n<p><\/p>\n\n\n\n<p class=\"has-large-font-size\"><strong>Sonorisation et r\u00e9\u00e9chantillonnage des voix de Pacasoco<\/strong><\/p>\n\n\n\n<p>Du printemps 2012 \u00e0 la fin de l&rsquo;hiver 2013, une quarantaine d&rsquo;enfants du Village du Monde (CEC Le Coron \u00e0 Cuesmes, Belgique) ont particip\u00e9 \u00e0 pr\u00e8s de 150 ateliers pour r\u00e9aliser \u00ab Pacasoco, la fille qui ne parle qu&rsquo;avec son coeur \u00bb. Il s\u2019agit d\u2019un film d\u2019animation de 23 minutes, s\u00e9quenc\u00e9 en deux parties. Celles-ci sont disponibles gratuitement sur le site de l\u2019association \u00ab&nbsp;Le Village du Monde&nbsp;\u00bb.<\/p>\n\n\n\n<figure class=\"wp-block-embed is-type-video is-provider-youtube wp-block-embed-youtube wp-embed-aspect-16-9 wp-has-aspect-ratio\"><div class=\"wp-block-embed__wrapper\">\n<iframe loading=\"lazy\" title=\"PACASOCO, la fille qui ne parle qu&#039;avec son coeur ( 1er partie )\" width=\"500\" height=\"281\" src=\"https:\/\/www.youtube.com\/embed\/r_VWTBVCuj8?feature=oembed\" frameborder=\"0\" allow=\"accelerometer; autoplay; clipboard-write; encrypted-media; gyroscope; picture-in-picture\" allowfullscreen><\/iframe>\n<\/div><\/figure>\n\n\n\n<figure class=\"wp-block-embed is-type-video is-provider-youtube wp-block-embed-youtube wp-embed-aspect-16-9 wp-has-aspect-ratio\"><div class=\"wp-block-embed__wrapper\">\n<iframe loading=\"lazy\" title=\"PACASOCO, la fille qui ne parle qu&#039;avec son coeur ( 2\u00e8me partie et fin )\" width=\"500\" height=\"281\" src=\"https:\/\/www.youtube.com\/embed\/Uu8bz0RSP5Y?feature=oembed\" frameborder=\"0\" allow=\"accelerometer; autoplay; clipboard-write; encrypted-media; gyroscope; picture-in-picture\" allowfullscreen><\/iframe>\n<\/div><\/figure>\n","protected":false},"excerpt":{"rendered":"<p>Cr\u00e9ation de clip vid\u00e9o en stop motion pour le rappeur Melfiano en collaboration avec Ginkgo&#8230;<\/p>\n<div class=\"more-link-wrapper\"><a class=\"more-link\" href=\"https:\/\/tavernephoto.be\/index.php\/videos\/\">Read the post<span class=\"screen-reader-text\">Vid\u00e9os<\/span><\/a><\/div>\n","protected":false},"author":1,"featured_media":0,"parent":0,"menu_order":4,"comment_status":"closed","ping_status":"closed","template":"","meta":[],"_links":{"self":[{"href":"https:\/\/tavernephoto.be\/index.php\/wp-json\/wp\/v2\/pages\/295"}],"collection":[{"href":"https:\/\/tavernephoto.be\/index.php\/wp-json\/wp\/v2\/pages"}],"about":[{"href":"https:\/\/tavernephoto.be\/index.php\/wp-json\/wp\/v2\/types\/page"}],"author":[{"embeddable":true,"href":"https:\/\/tavernephoto.be\/index.php\/wp-json\/wp\/v2\/users\/1"}],"replies":[{"embeddable":true,"href":"https:\/\/tavernephoto.be\/index.php\/wp-json\/wp\/v2\/comments?post=295"}],"version-history":[{"count":8,"href":"https:\/\/tavernephoto.be\/index.php\/wp-json\/wp\/v2\/pages\/295\/revisions"}],"predecessor-version":[{"id":353,"href":"https:\/\/tavernephoto.be\/index.php\/wp-json\/wp\/v2\/pages\/295\/revisions\/353"}],"wp:attachment":[{"href":"https:\/\/tavernephoto.be\/index.php\/wp-json\/wp\/v2\/media?parent=295"}],"curies":[{"name":"wp","href":"https:\/\/api.w.org\/{rel}","templated":true}]}}